tors of 147503652.
2, 3, 2897, 4243
What are the prime factors of 1982669945?
5, 31, 2671, 4789
List the prime factors of 866360229.
3, 7, 683, 8629
List the prime factors of 1061880833.
13, 149, 353, 1553
What are the prime factors of 24016067?
24016067
List the prime factors of 261855295.
5, 13, 31, 129953
What are the prime factors of 49990852?
2, 12497713
What are the prime factors of 57674758?
2, 28837379
List the prime factors of 115632225.
3, 5, 107, 1601
List the prime factors of 372900964.
2, 1759, 52999
List the prime factors of 5379446.
2, 17, 41, 227
List the prime factors of 2616688533.
3, 277, 1153, 2731
What are the prime factors of 109225170?
2, 3, 5, 17, 71389
List the prime factors of 2686510312.
2, 43, 101, 77323
List the prime factors of 1782085339.
4099, 434761
List the prime factors of 1755021.
3, 37, 97, 163
List the prime factors of 374561279.
23, 419, 38867
List the prime factors of 191836366.
2, 95918183
What are the prime factors of 527325920?
2, 5, 11, 299617
List the prime factors of 73546718.
2, 7, 257, 20441
List the prime factors of 2258777414.
2, 7321, 154267
What are the prime factors of 708906976?
2, 37, 103, 5813
What are the prime factors of 328249778?
2, 401, 409289
What are the prime factors of 59013863?
31, 1903673
What are the prime factors of 598104000?
2, 3, 5, 13, 71
What are the prime factors of 192435497?
113, 1702969
What are the prime factors of 1705616602?
2, 37, 23048873
What are the prime factors of 773890252?
2, 17, 41, 277579
What are the prime factors of 179643536?
2, 61, 103, 1787
List the prime factors of 56723368.
2, 13, 37, 14741
List the prime factors of 23018507.
41, 509, 1103
List the prime factors of 215449818.
2, 3, 491, 73133
What are the prime factors of 217262743?
217262743
What are the prime factors of 6572397?
3, 13, 168523
What are the prime factors of 47194478?
2, 43, 503, 1091
List the prime factors of 13238350.
2, 5, 271, 977
What are the prime factors of 64197783?
3, 13, 193, 2843
What are the prime factors of 141928436?
2, 13, 29, 94117
List the prime factors of 451277546.
2, 17, 79, 9883
What are the prime factors of 1069555835?
5, 59, 211, 17183
List the prime factors of 7088675218.
2, 41999, 84391
What are the prime factors of 1728465541?
11, 1181, 133051
What are the prime factors of 154158106?
2, 6011, 12823
What are the prime factors of 99631881?
3, 67, 127, 1301
What are the prime factors of 12153481?
563, 21587
List the prime factors of 2225052122.
2, 7559, 147179
List the prime factors of 625174760.
2, 5, 7, 113, 19759
What are the prime factors of 5906394904?
2, 131, 5635873
List the prime factors of 219632281.
11, 523, 38177
What are the prime factors of 26312246?
2, 509, 25847
List the prime factors of 1005201892.
2, 10303, 24391
List the prime factors of 105966670.
2, 5, 47, 225461
List the prime factors of 478599207.
3, 7109, 22441
What are the prime factors of 289255172?
2, 31, 2332703
List the prime factors of 144542655.
3, 5, 199, 16141
What are the prime factors of 399882538?
2, 11, 18176479
What are the prime factors of 740173303?
740173303
List the prime factors of 473458898.
2, 11, 41, 524899
What are the prime factors of 3159994560?
2, 3, 5, 3291661
What are the prime factors of 3634890?
2, 3, 5, 7, 19, 911
List the prime factors of 120045872.
2, 73, 79, 1301
List the prime factors of 2205152484.
2, 3, 17, 10809571
What are the prime factors of 34222753?
34222753
List the prime factors of 28730107.
7, 823, 4987
What are the prime factors of 3292085418?
2, 3, 43, 12760021
List the prime factors of 1197720524.
2, 7, 11, 13, 151, 283
List the prime factors of 374881314.
2, 3, 17, 947, 3881
What are the prime factors of 1038899718?
2, 3, 1181, 48871
What are the prime factors of 482452630?
2, 5, 11, 191, 22963
List the prime factors of 3825141925.
5, 11, 31, 448697
What are the prime factors of 18845044?
2, 17, 431, 643
List the prime factors of 14214999.
3, 1049, 4517
List the prime factors of 102536207.
2801, 36607
List the prime factors of 51174737.
37, 109, 12689
List the prime factors of 230216366.
2, 4133, 27851
What are the prime factors of 28614572?
2, 7, 541, 1889
What are the prime factors of 1128934830?
2, 3, 5, 47, 800663
What are the prime factors of 4114682633?
41, 47, 2135279
List the prime factors of 1099877746.
2, 11, 49994443
What are the prime factors of 102582342?
2, 3, 1899673
What are the prime factors of 33359385?
3, 5, 37, 60107
List the prime factors of 166894406.
2, 7, 17, 431, 1627
List the prime factors of 2287601650.
2, 5, 1483, 30851
What are the prime factors of 2453174025?
3, 5, 32708987
List the prime factors of 8372422456.
2, 37, 47, 601813
List the prime factors of 2900441484.
2, 3, 487, 165437
What are the prime factors of 1750156154?
2, 17, 51475181
List the prime factors of 108071604.
2, 3, 433, 2311
List the prime factors of 4541090798.
2, 79, 257, 111833
What are the prime factors of 2743573238?
2, 7, 195969517
List the prime factors of 2495949172.
2, 16741, 37273
List the prime factors of 53740745.
5, 607, 17707
What are the prime factors of 906028612?
2, 226507153
List the prime factors of 402815603.
151, 1277, 2089
List the prime factors of 28777879.
13, 43, 51481
What are the prime factors of 240870538?
2, 120435269
What are the prime factors of 705099679?
569, 1239191
What are the prime factors of 54486675?
3, 5, 8969
What are the prime factors of 1093262664?
2, 3, 13, 3504047
List the prime factors of 4327463972.
2, 13, 31, 2684531
What are the prime factors of 5758818128?
2, 7, 79, 650861
List the prime factors of 294713117.
294713117
What are the prime factors of 1050206189?
31, 617, 54907
List the prime factors of 471571680.
2, 3, 5, 47, 20903
What are the prime factors of 242459338?
2, 11, 17, 193, 3359
List the prime factors of 48245605.
5, 23, 419527
List the prime factors of 57856424.
2, 7232053
List the prime factors of 138077545.
5, 41, 673549
What are the prime factors of 632513709?
3, 3019, 23279
List the prime factors of 1507312472.
2, 188414059
What are the prime factors of 33148448?
2, 37, 27997
List the prime factors of 92754490.
2, 5, 59, 157211
What are the prime factors of 2479154450?
2, 5, 4231, 11719
What are the prime factors of 753387981?
3, 19, 1889, 6997
What are the prime factors of 1394882218?
2, 1723, 404783
What are the prime factors of 828294050?
2, 5, 139, 119179
What are the prime factors of 111294386?
2, 7, 1135657
What are the prime factors of 415925088?
2, 3, 1549, 2797
What are the prime factors of 567936594?
2, 3, 31552033
List the prime factors of 975584497.
719, 761, 1783
List the prime factors of 91357810.
2, 5, 37, 246913
What are the prime factors of 34311662?
2, 7, 11, 4547
What are the prime factors of 2352373112?
2, 367, 801217
What are the prime factors of 44782095?
3, 5, 229, 13037
List the prime factors of 25681938.
2, 3, 23, 149, 1249
List the prime factors of 29029109.
167, 173827
What are the prime factors of 70637682?
2, 3, 11772947
List the prime factors of 250830214.
2, 79, 1587533
What are the prime factors of 896994062?
2, 2357, 190283
List the prime factors of 633737043.
3, 70415227
List the prime factors of 121710592.
2, 67, 887
List the prime factors of 16575204.
2, 3, 17, 31, 2621
List the prime factors of 135614712.
2, 3, 17, 61, 5449
What are the prime factors of 236037667?
5483, 43049
List the prime factors of 194945419.
1637, 119087
List the prime factors of 79795089.
3, 11, 806011
List the prime factors of 998371141.
73, 607, 22531
List the prime factors of 15874463.
11, 103, 14011
What are the prime factors of 22025404?
2, 17, 323903
What are the prime factors of 64076324?
2, 13, 271, 4547
What are the prime factors of 8581112?
2, 311, 3449
List the prime factors of 5507897321.
5507897321
What are the prime factors of 2672820986?
2, 11, 71, 1711153
What are the prime factors of 11463936?
2, 3, 11, 23, 59
What are the prime factors of 2049798924?
2, 3, 56938859
What are the prime factors of 4842567186?
2, 3, 761, 1060571
What are the prime factors of 75207237?
3, 7, 29, 123493
List the prime factors of 22281155.
5, 13, 373, 919
List the prime factors of 86441450.
2, 5, 19, 4789
What are the prime factors of 28252662?
2, 3, 1901, 2477
List t